{"id":4,"date":"2010-01-27T13:44:49","date_gmt":"2010-01-27T12:44:49","guid":{"rendered":"http:\/\/www.razerguy.com\/?page_id=4"},"modified":"2026-01-26T10:49:22","modified_gmt":"2026-01-26T09:49:22","slug":"gewasser","status":"publish","type":"page","link":"https:\/\/www.angeln-in-eisenach.de\/?page_id=4","title":{"rendered":"Gew\u00e4sser"},"content":{"rendered":"<h2><strong>Unsere Pachtgew\u00e4sser sind:<\/strong><\/h2>\n<p>das <strong>Brauertal<\/strong> mit 4 Teichen (ges. 1,1 ha),<br \/>\nder <strong>Sonnabendwinkel<\/strong> mit 2 Teichen (ges. 2,8 ha),<br \/>\ndie <strong>Werra<\/strong> im Bereich Buchenau (1,7 km) und<br \/>\ndie <strong>H\u00f6rsel<\/strong> im Stadtgebiet von Eisenach (5,2 km).<\/p>\n<p>Unsere Teichanlagen mit 6 Teichen haben eine Wassertiefe von \u00fcber 2 m.\u00a0An den Uferregionen sind Seerosenfelder und Schilfg\u00fcrtel und die Anlagen sind gut zug\u00e4nglich. Der Einsatz von Karpfen, Hecht, Zander und Schleie erfolgt\u00a0nach biologisch sinnvollen Gesichtspunkten.<\/p>\n<p>Die Werra weist gro\u00dfe Schwankungen im Wasserstand auf.\u00a0In den Sommermonaten bilden sich gro\u00dfe Krautb\u00e4nke,\u00a0in denen der Aal und die Forelle Schutz suchen.\u00a0Auch ein guter Hecht- und Zanderbestand ist vorzufinden.<\/p>\n<p>Durch jahrelange Besatzma\u00dfnahmen und Hege ist es\u00a0uns gelungen, einen guten Bestand an Forellen und \u00c4schen in der H\u00f6rsel zu sichern. Die H\u00f6rsel im Stadtgebiet wird von Spinn- und Fliegenfischern gleichermassen gesch\u00e4tzt.<\/p>\n<p>Unsere Gew\u00e4sser werden durch zu leistende Pflichtstunden und zus\u00e4tzliche Initiativen in einem sauberen und guten Zustand gehalten.<\/p>\n<h2><strong>Bestimmungen:<\/strong><\/h2>\n<h2><strong>Brauertal<\/strong><\/h2>\n<p>Im Brauertal befinden sich 4 Teiche.<br \/>\nEs d\u00fcrfen entweder max. eine Flugangel, max. zwei Raub-<br \/>\nbzw. Friedfischangeln oder nur eine Senke (max. 1m\u00b2)<br \/>\nzum K\u00f6derfischfang verwendet werden.<\/p>\n<p><strong><span style=\"color: #ff0000;\">Das Spinnangeln mit Kunstk\u00f6dern ist verboten!<\/span><\/strong><\/p>\n<p><span style=\"color: #ff0000;\"><strong>Das Befahren von Forstwegen ist verboten!<\/strong><\/span><\/p>\n<p><img loading=\"lazy\" decoding=\"async\" class=\"alignnone size-full wp-image-1545\" src=\"https:\/\/www.angeln-in-eisenach.de\/wp-content\/uploads\/2019\/09\/IMG_5809.jpg\" alt=\"\" width=\"3984\" height=\"2241\" srcset=\"https:\/\/www.angeln-in-eisenach.de\/wp-content\/uploads\/2019\/09\/IMG_5809.jpg 3984w, https:\/\/www.angeln-in-eisenach.de\/wp-content\/uploads\/2019\/09\/IMG_5809-300x169.jpg 300w, https:\/\/www.angeln-in-eisenach.de\/wp-content\/uploads\/2019\/09\/IMG_5809-768x432.jpg 768w, https:\/\/www.angeln-in-eisenach.de\/wp-content\/uploads\/2019\/09\/IMG_5809-1024x576.jpg 1024w\" sizes=\"(max-width: 3984px) 100vw, 3984px\" \/><\/p>\n<p><img loading=\"lazy\" decoding=\"async\" class=\"alignnone size-full wp-image-1546\" src=\"https:\/\/www.angeln-in-eisenach.de\/wp-content\/uploads\/2019\/09\/IMG_5810.jpg\" alt=\"\" width=\"4032\" height=\"2268\" srcset=\"https:\/\/www.angeln-in-eisenach.de\/wp-content\/uploads\/2019\/09\/IMG_5810.jpg 4032w, https:\/\/www.angeln-in-eisenach.de\/wp-content\/uploads\/2019\/09\/IMG_5810-300x169.jpg 300w, https:\/\/www.angeln-in-eisenach.de\/wp-content\/uploads\/2019\/09\/IMG_5810-768x432.jpg 768w, https:\/\/www.angeln-in-eisenach.de\/wp-content\/uploads\/2019\/09\/IMG_5810-1024x576.jpg 1024w\" sizes=\"(max-width: 4032px) 100vw, 4032px\" \/><\/p>\n<div id=\"mapviewer\">\n<p><iframe loading=\"lazy\" id=\"map\" src=\"http:\/\/www.bing.com\/maps\/embed\/?lvl=16&amp;cp=50.958994634805734~10.271255204052832&amp;sty=h&amp;draggable=true&amp;v=2&amp;dir=0&amp;where1=Eisenach%2C+TH%2C+Deutschland&amp;form=LMLTEW&amp;pp=50.974388122558594~10.325420379638672&amp;mkt=de-de&amp;emid=b2525220-13b7-3463-37ba-98d7bf9ece05&amp;w=384&amp;h=288\" name=\"mapFrame\" width=\"384\" height=\"288\" frameborder=\"0\" scrolling=\"no\"><\/iframe><\/p>\n<div id=\"LME_maplinks\" style=\"line-height: 20px;\"><a id=\"LME_largerMap\" href=\"http:\/\/www.bing.com\/maps\/?mm_embed=map&amp;cp=50.958994634805734~10.271255204052832&amp;lvl=16&amp;sty=h&amp;where1=Eisenach%2C+TH%2C+Deutschland&amp;form=LMLTEW\" target=\"_blank\" rel=\"noopener noreferrer\">Gr\u00f6\u00dfere Karte anzeigen<\/a>\u00a0<a id=\"LME_directions\" href=\"http:\/\/www.bing.com\/maps\/?mm_embed=dir&amp;cp=50.958994634805734~10.271255204052832&amp;rtp=~pos.50.974388122558594_10.325420379638672_Eisenach%2C+TH%2C+Deutschland&amp;lvl=16&amp;sty=h&amp;form=LMLTEW\" target=\"_blank\" rel=\"noopener noreferrer\">Routenplan<\/a>\u00a0<a id=\"LME_birdsEye\" href=\"http:\/\/www.bing.com\/maps\/?mm_embed=be&amp;cp=50.958994634805734~10.271255204052832&amp;lvl=18&amp;sty=b&amp;where1=Eisenach%2C+TH%2C+Deutschland&amp;form=LMLTEW\" target=\"_blank\" rel=\"noopener noreferrer\">Vogelperspektive anzeigen<\/a><\/div>\n<\/div>\n<h2><strong>Sonnabendwinkel<\/strong><\/h2>\n<p>Im Sonnabendwinkel befinden sich\u00a02 Teiche.<\/p>\n<p>Es d\u00fcrfen max. eine Flugangel oder max. zwei Raub- bzw.\u00a0Friedfischangeln oder nur\u00a0eine Senke (max. 1m\u00b2) zum K\u00f6derfischfang verwendet werden.<\/p>\n<p><strong><span style=\"color: #ff0000;\">Das Spinnangeln mit Kunstk\u00f6dern ist verboten!\u00a0\u00a0<\/span><\/strong><\/p>\n<p><span style=\"color: #ff0000;\"><strong>Das Befahren von Forstwegen ist verboten!<\/strong><\/span><\/p>\n<p><img loading=\"lazy\" decoding=\"async\" class=\"alignnone size-full wp-image-1547\" src=\"https:\/\/www.angeln-in-eisenach.de\/wp-content\/uploads\/2019\/09\/IMG_5811.jpg\" alt=\"\" width=\"4032\" height=\"2268\" srcset=\"https:\/\/www.angeln-in-eisenach.de\/wp-content\/uploads\/2019\/09\/IMG_5811.jpg 4032w, https:\/\/www.angeln-in-eisenach.de\/wp-content\/uploads\/2019\/09\/IMG_5811-300x169.jpg 300w, https:\/\/www.angeln-in-eisenach.de\/wp-content\/uploads\/2019\/09\/IMG_5811-768x432.jpg 768w, https:\/\/www.angeln-in-eisenach.de\/wp-content\/uploads\/2019\/09\/IMG_5811-1024x576.jpg 1024w\" sizes=\"(max-width: 4032px) 100vw, 4032px\" \/><\/p>\n<p><img loading=\"lazy\" decoding=\"async\" class=\"alignnone size-full wp-image-1548\" src=\"https:\/\/www.angeln-in-eisenach.de\/wp-content\/uploads\/2019\/09\/IMG_5812.jpg\" alt=\"\" width=\"4032\" height=\"2268\" srcset=\"https:\/\/www.angeln-in-eisenach.de\/wp-content\/uploads\/2019\/09\/IMG_5812.jpg 4032w, https:\/\/www.angeln-in-eisenach.de\/wp-content\/uploads\/2019\/09\/IMG_5812-300x169.jpg 300w, https:\/\/www.angeln-in-eisenach.de\/wp-content\/uploads\/2019\/09\/IMG_5812-768x432.jpg 768w, https:\/\/www.angeln-in-eisenach.de\/wp-content\/uploads\/2019\/09\/IMG_5812-1024x576.jpg 1024w\" sizes=\"(max-width: 4032px) 100vw, 4032px\" \/><\/p>\n<div id=\"mapviewer\">\n<p><iframe loading=\"lazy\" id=\"map\" src=\"http:\/\/www.bing.com\/maps\/embed\/?lvl=16&amp;cp=50.96110303330171~10.268766114087011&amp;sty=h&amp;draggable=true&amp;v=2&amp;dir=0&amp;where1=Eisenach%2C+TH%2C+Deutschland&amp;form=LMLTEW&amp;pp=50.974388122558594~10.325420379638672&amp;mkt=de-de&amp;emid=b2525220-13b7-3463-37ba-98d7bf9ece05&amp;w=384&amp;h=288\" name=\"mapFrame\" width=\"384\" height=\"288\" frameborder=\"0\" scrolling=\"no\"><\/iframe><\/p>\n<div id=\"LME_maplinks\" style=\"line-height: 20px;\"><a id=\"LME_largerMap\" href=\"http:\/\/www.bing.com\/maps\/?mm_embed=map&amp;cp=50.96110303330171~10.268766114087011&amp;lvl=16&amp;sty=h&amp;where1=Eisenach%2C+TH%2C+Deutschland&amp;form=LMLTEW\" target=\"_blank\" rel=\"noopener noreferrer\">Gr\u00f6\u00dfere Karte anzeigen<\/a>\u00a0<a id=\"LME_directions\" href=\"http:\/\/www.bing.com\/maps\/?mm_embed=dir&amp;cp=50.96110303330171~10.268766114087011&amp;rtp=~pos.50.974388122558594_10.325420379638672_Eisenach%2C+TH%2C+Deutschland&amp;lvl=16&amp;sty=h&amp;form=LMLTEW\" target=\"_blank\" rel=\"noopener noreferrer\">Routenplan<\/a>\u00a0<a id=\"LME_birdsEye\" href=\"http:\/\/www.bing.com\/maps\/?mm_embed=be&amp;cp=50.96110303330171~10.268766114087011&amp;lvl=18&amp;sty=b&amp;where1=Eisenach%2C+TH%2C+Deutschland&amp;form=LMLTEW\" target=\"_blank\" rel=\"noopener noreferrer\">Vogelperspektive anzeigen<\/a><\/div>\n<\/div>\n<h2><strong>H\u00f6rsel<\/strong><\/h2>\n<p>Der Angelbereich der H\u00f6rsel reicht von der Br\u00fccke Langensalzaer Stra\u00dfe bis Opelwerk.<\/p>\n<p>Der Fischfang darf mit\u00a0max. einer Spinn- oder Flugangel\u00a0oder max. zwei Raub.- bzw.\u00a0Friedfischangeln oder nur einer Senke (max. 1 m\u00b2) zum K\u00f6derfischfang ausge\u00fcbt werden.<\/p>\n<p><span style=\"color: #ff0000;\"><strong>Ab sofort ist das Angeln mit Widerhaken an der H\u00f6rsel verboten!!! Das gilt f\u00fcr ausnahmslos jede Angeltechnik.<\/strong><\/span><\/p>\n<p><strong><span style=\"color: #ff0000;\">Vom 1.10. bis 31.1. ist nur noch das Fliegenfischen mit widerhakenlosem einschenklichem Einzelhaken erlaubt! <\/span><\/strong><strong><span style=\"color: #ff0000;\">Vom<\/span><\/strong><span style=\"color: #ff0000;\"><strong> 1.2. bis zum 31.3. jeden Jahres, ist die H\u00f6rsel f\u00fcr den gesamten Fischfang gesperrt!<\/strong><\/span><\/p>\n<p><span style=\"color: #ff0000;\"><strong>Vom 1.10 bis zum 30.05. des Folgejahres, ist das Watangeln mit R\u00fccksicht auf gute Fischbest\u00e4nde verboten!<\/strong><\/span><\/p>\n<p><span style=\"color: #ff0000;\"><strong>Ausgabe von Gastkarten an Nichtmitglieder nur mit Mitglied als Begleitperson!<\/strong><\/span><\/p>\n<p><img loading=\"lazy\" decoding=\"async\" class=\"alignnone wp-image-474\" title=\"H\u00f6rsel2011\" src=\"https:\/\/www.angeln-in-eisenach.de\/wp-content\/uploads\/2010\/01\/h\u00f6rsel2011.jpg\" alt=\"\" width=\"799\" height=\"535\" srcset=\"https:\/\/www.angeln-in-eisenach.de\/wp-content\/uploads\/2010\/01\/h\u00f6rsel2011.jpg 640w, https:\/\/www.angeln-in-eisenach.de\/wp-content\/uploads\/2010\/01\/h\u00f6rsel2011-300x200.jpg 300w\" sizes=\"(max-width: 799px) 100vw, 799px\" \/><\/p>\n<p>Hinweise zum Wehr:<\/p>\n<p><img loading=\"lazy\" decoding=\"async\" class=\"alignnone wp-image-244\" title=\"Wehr\" src=\"https:\/\/www.angeln-in-eisenach.de\/wp-content\/uploads\/2010\/11\/038.jpg\" alt=\"\" width=\"798\" height=\"449\" srcset=\"https:\/\/www.angeln-in-eisenach.de\/wp-content\/uploads\/2010\/11\/038.jpg 640w, https:\/\/www.angeln-in-eisenach.de\/wp-content\/uploads\/2010\/11\/038-300x168.jpg 300w\" sizes=\"(max-width: 798px) 100vw, 798px\" \/><\/p>\n<p>Der rot markierte Bereich zeigt den Eingang zur Fischaufstiegshilfe und die Lockstr\u00f6mung.Vor Ort ist dieser Bereich ebenfalls rot markiert. Dort herrscht\u00a0absolutes Angelverbot.\u00a0In der Fischaufstiegshilfe, sowie direkt im oberen Ausgang, ist das Angeln ebenfalls\u00a0nicht gestattet. Dieser Bereich wurde auf Verlangen und in Absprache mit der unteren Fischereibeh\u00f6rde festgelegt.<\/p>\n<h2><strong>Werra<\/strong><\/h2>\n<p>Der Angelbereich der Werra\u00a0geht von der ehem. Br\u00fccke\u00a0Ebenau bis Bocksgraben.<\/p>\n<p><span style=\"color: #ff0000;\"><strong>Das Befahren der Wiesen zwischen Ortseingang Buchenau und der neuen Fahrradbr\u00fccke Ebenau ist verboten! Naturschutzgebiet.<\/strong><\/span><\/p>\n<p><span style=\"color: #ff0000;\"><strong>Das Befahren von Forstwegen ist verboten!<\/strong><\/span><\/p>\n<p>Der Fischfang darf mit\u00a0max. einer Spinn- oder Flugangel\u00a0oder max. zwei Raub.- bzw. Friedfischangeln oder nur einer Senke\u00a0(max. 1m\u00b2) zum K\u00f6derfischfang ausge\u00fcbt werden.<\/p>\n<p><img loading=\"lazy\" decoding=\"async\" class=\"alignnone wp-image-188\" title=\"Werra\" src=\"https:\/\/www.angeln-in-eisenach.de\/wp-content\/uploads\/2010\/01\/w1.jpg\" alt=\"\" width=\"799\" height=\"599\" srcset=\"https:\/\/www.angeln-in-eisenach.de\/wp-content\/uploads\/2010\/01\/w1.jpg 640w, https:\/\/www.angeln-in-eisenach.de\/wp-content\/uploads\/2010\/01\/w1-300x225.jpg 300w\" sizes=\"(max-width: 799px) 100vw, 799px\" \/><\/p>\n<div id=\"mapviewer\">\n<p><iframe loading=\"lazy\" id=\"map\" src=\"http:\/\/www.bing.com\/maps\/embed\/?lvl=14&amp;cp=51.06866642687193~10.27748220018636&amp;sty=h&amp;draggable=true&amp;v=2&amp;dir=0&amp;where1=Eisenach%2C+TH%2C+Deutschland&amp;form=LMLTEW&amp;pp=50.974388122558594~10.325420379638672&amp;mkt=de-de&amp;emid=ce4df6d3-60ea-eb36-0fd1-91682c94daba&amp;w=384&amp;h=288\" name=\"mapFrame\" width=\"384\" height=\"288\" frameborder=\"0\" scrolling=\"no\"><\/iframe><\/p>\n<div id=\"LME_maplinks\" style=\"line-height: 20px;\"><a id=\"LME_largerMap\" href=\"http:\/\/www.bing.com\/maps\/?mm_embed=map&amp;cp=51.06866642687193~10.27748220018636&amp;lvl=14&amp;sty=h&amp;where1=Eisenach%2C+TH%2C+Deutschland&amp;form=LMLTEW\" target=\"_blank\" rel=\"noopener noreferrer\">Gr\u00f6\u00dfere Karte anzeigen<\/a>\u00a0<a id=\"LME_directions\" href=\"http:\/\/www.bing.com\/maps\/?mm_embed=dir&amp;cp=51.06866642687193~10.27748220018636&amp;rtp=~pos.50.974388122558594_10.325420379638672_Eisenach%2C+TH%2C+Deutschland&amp;lvl=14&amp;sty=h&amp;form=LMLTEW\" target=\"_blank\" rel=\"noopener noreferrer\">Routenplan<\/a>\u00a0<a id=\"LME_birdsEye\" href=\"http:\/\/www.bing.com\/maps\/?mm_embed=be&amp;cp=51.06866642687193~10.27748220018636&amp;lvl=18&amp;sty=b&amp;where1=Eisenach%2C+TH%2C+Deutschland&amp;form=LMLTEW\" target=\"_blank\" rel=\"noopener noreferrer\">Vogelperspektive anzeigen<\/a><\/div>\n<div style=\"line-height: 20px;\"><\/div>\n<\/div>\n<table border=\"1\" cellspacing=\"0\" cellpadding=\"0\">\n<tbody>\n<tr>\n<td colspan=\"4\" valign=\"bottom\"><strong>Schonzeiten, Mindestma\u00dfe\/Entnahmefenster, Fangmengen (max. pro Tag)<\/strong><\/td>\n<\/tr>\n<tr>\n<td valign=\"bottom\" width=\"144\"><strong>Fischart<\/strong><\/td>\n<td valign=\"bottom\" width=\"84\"><strong>Schonzeit<\/strong><\/td>\n<td valign=\"bottom\" width=\"84\"><strong>Mindestma\u00df\/Entnahmefenster<\/strong><\/td>\n<td valign=\"bottom\" width=\"178\"><strong>Fangmenge (max. pro Tag)<\/strong><\/td>\n<\/tr>\n<tr>\n<td valign=\"bottom\" width=\"144\"><\/td>\n<td valign=\"bottom\" width=\"84\"><\/td>\n<td valign=\"bottom\" width=\"84\"><\/td>\n<td valign=\"bottom\" width=\"178\"><\/td>\n<\/tr>\n<tr>\n<td valign=\"bottom\" width=\"144\">Aal<\/td>\n<td valign=\"bottom\" width=\"84\">1.11.-28.2.<\/td>\n<td style=\"text-align: center;\" valign=\"bottom\" width=\"84\">50 cm<\/td>\n<td valign=\"bottom\" width=\"178\">2*<\/td>\n<\/tr>\n<tr>\n<td valign=\"bottom\" width=\"144\">Hecht<\/td>\n<td valign=\"bottom\" width=\"84\">15.2.- 30.4.<\/td>\n<td style=\"text-align: center;\" valign=\"bottom\" width=\"84\">60 cm<\/td>\n<td valign=\"bottom\" width=\"178\">1*<\/td>\n<\/tr>\n<tr>\n<td valign=\"bottom\" width=\"144\">Zander<\/td>\n<td valign=\"bottom\" width=\"84\">1.4.- 31.5.<\/td>\n<td style=\"text-align: center;\" valign=\"bottom\" width=\"84\">60 cm<\/td>\n<td valign=\"bottom\" width=\"178\">1*<\/td>\n<\/tr>\n<tr>\n<td valign=\"bottom\" width=\"144\">Wels<\/td>\n<td valign=\"bottom\" width=\"84\">keine<\/td>\n<td style=\"text-align: center;\" valign=\"bottom\" width=\"84\">50 cm<\/td>\n<td valign=\"bottom\" width=\"178\">1*<\/td>\n<\/tr>\n<tr>\n<td valign=\"bottom\" width=\"144\">Karpfen<\/td>\n<td valign=\"bottom\" width=\"84\">keine<\/td>\n<td style=\"text-align: center;\" valign=\"bottom\" width=\"84\">35 cm<\/td>\n<td valign=\"bottom\" width=\"178\">2*<\/td>\n<\/tr>\n<tr>\n<td valign=\"bottom\" width=\"144\">Schleie<\/td>\n<td valign=\"bottom\" width=\"84\">keine<\/td>\n<td style=\"text-align: center;\" valign=\"bottom\" width=\"84\">30 cm<\/td>\n<td valign=\"bottom\" width=\"178\">2*<\/td>\n<\/tr>\n<tr>\n<td valign=\"bottom\" width=\"144\">\u00c4sche<\/td>\n<td valign=\"bottom\" width=\"84\">1.2.- 31.5.<\/td>\n<td style=\"text-align: center;\" valign=\"bottom\" width=\"84\">35 cm &#8211; 45cm<\/td>\n<td valign=\"bottom\" width=\"178\">1*ges. 2 Salmoniden<\/td>\n<\/tr>\n<tr>\n<td valign=\"bottom\" width=\"144\">Forelle, Saibling<\/td>\n<td valign=\"bottom\" width=\"84\">1.10.- 31.3.<\/td>\n<td style=\"text-align: center;\" valign=\"bottom\" width=\"84\">30 cm &#8211; 45cm<\/td>\n<td valign=\"bottom\" width=\"178\">2*ges. 2 Salmoniden<\/td>\n<\/tr>\n<tr>\n<td valign=\"bottom\" width=\"144\">Rotfeder, Barsch<\/td>\n<td valign=\"bottom\" width=\"84\">keine<\/td>\n<td style=\"text-align: center;\" valign=\"bottom\" width=\"84\">15 cm<\/td>\n<td valign=\"bottom\" width=\"178\">frei<\/td>\n<\/tr>\n<tr>\n<td valign=\"bottom\" width=\"144\">Giebel, Karausche,Pl\u00f6tze<\/td>\n<td valign=\"bottom\" width=\"84\">keine<\/td>\n<td style=\"text-align: center;\" valign=\"bottom\" width=\"84\">15cm<\/td>\n<td valign=\"bottom\" width=\"178\">frei<\/td>\n<\/tr>\n<tr>\n<td valign=\"bottom\" width=\"144\">Barbe<\/td>\n<td valign=\"bottom\" width=\"84\">1.4.-31.8.<\/td>\n<td style=\"text-align: center;\" valign=\"bottom\" width=\"84\">40 cm<\/td>\n<td valign=\"bottom\" width=\"178\">1*<\/td>\n<\/tr>\n<tr>\n<td valign=\"bottom\" width=\"144\">Nase, Quappe, Graskarpfen<\/td>\n<td valign=\"bottom\" width=\"84\">ganzj\u00e4hrig<\/td>\n<td valign=\"bottom\" width=\"84\"><\/td>\n<td valign=\"bottom\" width=\"178\"><span style=\"color: #ff0000;\">Gesch\u00fctzt<\/span><\/td>\n<\/tr>\n<\/tbody>\n<\/table>\n<h1><span style=\"color: #ff0000;\"><strong><em>Entnahmefenster f\u00fcr Forelle und \u00c4sche in der H\u00f6rsel beachten!!<\/em><\/strong><\/span><\/h1>\n<p>_________________________________________________________________<\/p>\n<p><span style=\"color: #ff0000;\">* von diesen Fischarten d\u00fcrfen zusammen t\u00e4glich nur 5 Fische mitgenommen werden. Alle anderen Fischarten entsprechend dem Th\u00fcringer Fischereigesetz!<\/span><\/p>\n","protected":false},"excerpt":{"rendered":"<p>Unsere Pachtgew\u00e4sser sind: das Brauertal mit 4 Teichen (ges. 1,1 ha), der Sonnabendwinkel mit 2 Teichen (ges. 2,8 ha), die Werra im Bereich Buchenau (1,7 km) und die H\u00f6rsel im Stadtgebiet von Eisenach (5,2 km). Unsere Teichanlagen mit 6 Teichen &hellip; <a href=\"https:\/\/www.angeln-in-eisenach.de\/?page_id=4\">Weiterlesen <span class=\"meta-nav\">&rarr;<\/span><\/a><\/p>\n","protected":false},"author":1,"featured_media":0,"parent":0,"menu_order":5,"comment_status":"closed","ping_status":"open","template":"","meta":{"footnotes":""},"_links":{"self":[{"href":"https:\/\/www.angeln-in-eisenach.de\/index.php?rest_route=\/wp\/v2\/pages\/4"}],"collection":[{"href":"https:\/\/www.angeln-in-eisenach.de\/index.php?rest_route=\/wp\/v2\/pages"}],"about":[{"href":"https:\/\/www.angeln-in-eisenach.de\/index.php?rest_route=\/wp\/v2\/types\/page"}],"author":[{"embeddable":true,"href":"https:\/\/www.angeln-in-eisenach.de\/index.php?rest_route=\/wp\/v2\/users\/1"}],"replies":[{"embeddable":true,"href":"https:\/\/www.angeln-in-eisenach.de\/index.php?rest_route=%2Fwp%2Fv2%2Fcomments&post=4"}],"version-history":[{"count":90,"href":"https:\/\/www.angeln-in-eisenach.de\/index.php?rest_route=\/wp\/v2\/pages\/4\/revisions"}],"predecessor-version":[{"id":1974,"href":"https:\/\/www.angeln-in-eisenach.de\/index.php?rest_route=\/wp\/v2\/pages\/4\/revisions\/1974"}],"wp:attachment":[{"href":"https:\/\/www.angeln-in-eisenach.de\/index.php?rest_route=%2Fwp%2Fv2%2Fmedia&parent=4"}],"curies":[{"name":"wp","href":"https:\/\/api.w.org\/{rel}","templated":true}]}}